a = 92*a + 5*q - 1140, -4*a = q - 4598. List the prime factors of a.
2, 5, 23
Let u(w) = 32*w**3 + 7*w**2 - 5*w - 6. What are the prime factors of u(3)?
2, 3, 151
Suppose 0 = 4*c + 2*w - 3661 - 987, -5*c + 2*w = -5801. List the prime factors of c.
3, 43
Suppose 0 = 4*v + 38 + 10. Let x(t) = 14*t**2 - 3*t - 2*t**3 - t**3 - 12 + 4*t**3 - 2*t**2. List the prime factors of x(v).
2, 3
What are the prime factors of 6/(-51) + (1 - (-884158)/187)?
4729
Let a(q) = -q**3 + 8*q**2 + 9*q + 8. Let f be a(9). Suppose 0 = 3*x - l - 32, -f*x + 4*x + 41 = -3*l. List the prime factors of x.
11
Suppose -4*h + 4*z + 9 = -3, -h + 9 = -3*z. Suppose -3*o - 4*g + 101 = h, -g = -o - 0*o + 29. List the prime factors of o.
31
Let z = -1240 + 2109. List the prime factors of z.
11, 79
Let t be (-3 - (-3 + -28))/(-1). Let m = 22 - t. List the prime factors of m.
2, 5
Let d be 14/(-4)*(-10 - -2). Suppose -188 = -3*i - 5*f, -3*i - f = -d - 144. Suppose -15*y - i = -17*y. List the prime factors of y.
2, 7
Let c be 6/(((-4)/60)/(-1)). Let a = c - 40. What are the prime factors of a?
2, 5
Suppose -6*b = 6*b - 684. What are the prime factors of 34*(b/6 - 3)?
13, 17
Let i(p) be the first derivative of p**4/4 - 5*p**3/3 - 12*p**2 - 19. List the prime factors of i(9).
2, 3
Let o(p) = 9*p + 7. Let g(k) = -8*k - 8. Let y(b) = -4*g(b) - 5*o(b). Let f be y(-5). Let n = 98 - f. List the prime factors of n.
2, 3
Suppose 4*t = 2*w + 554, t = 4*w + 126 + 16. What are the prime factors of t?
2, 3, 23
Let t(z) = 11*z**2 + 8 - 7 - 4*z**2. Let y be t(-2). Suppose -n - 10 = -y. What are the prime factors of n?
19
Suppose 7*c - 13 = 15. Let h be c/(7/(35/20)). Let w = h - -65. List the prime factors of w.
2, 3, 11
Let f = -131 - -64. Let h = 35 - f. List the prime factors of h.
2, 3, 17
Suppose 0 = 8*c - 2087 - 425. What are the prime factors of c?
2, 157
Let j be 12/(15/6 - 1). Let t be (1 - 1)*(-4)/j. Suppose 66 = 5*q + 4*r - 4, t = 3*q - r - 59. List the prime factors of q.
2, 3
Suppose 809 - 152 = 2*c - 3*o, 2*c - 656 = 2*o. List the prime factors of c.
3, 109
Let p = 111 - -491. What are the prime factors of p?
2, 7, 43
Let p(c) = -1855*c - 180. What are the prime factors of p(-2)?
2, 5, 353
Suppose -3*w = -4*v + 2*w - 1197, -2*v - 581 = w. Let i = v + 1187. List the prime factors of i/21 - (-3)/7.
43
Let t = -4 + 6. Suppose 3*o + 66 = -3*g, 5*o = t*g + 3*o + 44. Let i = g - -43. What are the prime factors of i?
3, 7
What are the prime factors of 16744/208*(1 - -33)?
7, 17, 23
Let j(n) = 479*n**3 - n**2 - 3*n + 3. List the prime factors of j(1).
2, 239
Let j = -46 + 89. Let r be (-2)/(-5) - j/(-5). Suppose -43 = -y + 3*n - r, 4*n + 4 = 0. What are the prime factors of y?
31
Suppose h - 2*y + 20 = -6*y, -2*h + 3*y - 29 = 0. Let z be ((-81)/(-12))/((-6)/h). Let x = z - 14. What are the prime factors of x?
2
Let o = -58 + 60. Suppose -o*i - 630 = -8*i. List the prime factors of i.
3, 5, 7
Suppose 7*o - 10*o = -1473. List the prime factors of o.
491
Suppose 5*s = 2*j + 21, 3*s - 13 = j - 0*s. Suppose -p = -n + 4*n + 12, -3*n - j*p - 15 = 0. What are the prime factors of (-1 - n) + 0 - -1?
3
Suppose 6*a = 88 - 178. Let q be (0 - 3)/((-3)/(-10)). List the prime factors of (-12)/a - 112/q.
2, 3
Let g(s) be the first derivative of 6*s**2 - 4*s - 7. Let j be g(2). Suppose -2*n - 5*r = -10 - j, 2*r = 0. List the prime factors of n.
3, 5
Let b = -987 + 4000. List the prime factors of b.
23, 131
Suppose -3*n + 5*q + 207 = 0, -4*n - 182 = -3*q - 469. Suppose -5*r - 2*j + 106 = 0, 4*r + j = 3*j + n. Let y = r - 1. List the prime factors of y.
19
Suppose -3*w - 28 = -8*w - 3*c, w - 3 = 2*c. Suppose -w*v + 1201 - 276 = 0. What are the prime factors of v?
5, 37
Let q(p) = p + 8. Let k be q(-10). What are the prime factors of (k/(-2))/((-1)/(-59))?
59
Let t(x) = -x**2 - 9*x - 7. Let s be t(-8). Suppose 29 = f + s. List the prime factors of f.
2, 7
Let j = 281 - -162. List the prime factors of j.
443
Let z be 2 + (0/(-2))/(-1). Suppose 4*v - 4*c = 136, -c + z*c = -2*v + 83. Let y = -8 + v. What are the prime factors of y?
31
Suppose 22*r = 5*h + 26*r - 3152, -3*h + r + 1898 = 0. What are the prime factors of h?
2, 79
Suppose 533 = 8*r - 259. What are the prime factors of r?
3, 11
Let s(p) be the second derivative of p**7/2520 + p**6/240 - p**5/30 - p**4/6 + 6*p. Let i(m) be the third derivative of s(m). List the prime factors of i(-6).
2, 7
Let h = 42 - 36. Suppose -52 = -f + 5*o, -3*o = -5*f - h*o + 316. What are the prime factors of f?
2, 31
Suppose -47*q = 7*q - 153090. List the prime factors of q.
3, 5, 7
Suppose w - 8 = -i + 10, 4*i + 33 = 3*w. Suppose 0 = 3*z - 2*z - w. List the prime factors of z.
3, 5
Let g(b) = -b**2 + 12*b + 12. Let r = 9 - 1. Let s be g(r). Suppose -v - 58 - 4 = -3*x, -s = -x + 5*v. List the prime factors of x.
19
Let s be 9/(-2)*(39 + -1). Let o = 307 + s. Suppose 4*f + 6*q - o = 2*q, 5*q = -2*f + 83. List the prime factors of f.
29
Suppose i = -8 + 30. Let s = i + -14. What are the prime factors of s?
2
Suppose -5*y - 5*m + 1920 = 0, y + 0*m - 389 = -2*m. Suppose -4*b - 6*v + 3*v = -y, 0 = -3*b + 2*v + 263. What are the prime factors of b?
7, 13
Suppose y + v - 74 = 0, 3*y - 151 = v + 87. Let h = 158 - y. List the prime factors of h.
2, 5
Let v(s) = -s**2 + 4*s + 10. Let o be v(9). Suppose 4*c - 163 = -3*k, 3*c = 4*k + 5*c - 204. Let z = k + o. List the prime factors of z.
2, 7
Let q(o) = 5*o**2 + 9*o - 4. Suppose 45*u = 50*u + 25. What are the prime factors of q(u)?
2, 19
Let b(k) = 15*k**3 + k**2 - 3*k + 1. Let d be 1*(-1 - (2 + -1)*-3). What are the prime factors of b(d)?
7, 17
List the prime factors of (-2*1)/(5/(-6530)*4).
653
Let n = 153 - 224. Let y = n + 212. What are the prime factors of y?
3, 47
Let g = 36 + -54. What are the prime factors of 120/g*(-6)/4?
2, 5
Suppose 0 = 3*c + k, -c + 1 = 3*k + 9. Let w be c - 4 - (1 - 186). Suppose -3*m = -5*r - 0*r + 188, -w = -5*r - 3*m. List the prime factors of r.
37
Let k be -2 - (2 + -2 + -54). Suppose -5*r - 5*c = 55, c = 13*r - 11*r + 25. Let w = r + k. What are the prime factors of w?
2, 5
Suppose -4*l = -2*d + 5*d - 22, -d + 9 = 3*l. Suppose 5*p = -5*n + 95, d*n - 2*n = -20. What are the prime factors of p?
2, 3
Let w be (-6)/8*(1 + -25). Suppose -2*c = -0*c, -2*h - c - w = 0. List the prime factors of 15/10*(-48)/h.
2
Let u(t) = -6*t - 5 + 2*t**2 - t**2 - 4*t + 8*t. Suppose -4*k + 5*i = 5, 0*k = -k + 3*i + 4. What are the prime factors of u(k)?
2, 3, 5
Let p = -316 - -1313. List the prime factors of p.
997
Suppose 21*o = 23*o - 24. Suppose -p + o - 7 = 0. Suppose -p*i = c - 22, -4*c - i + 5*i = -88. List the prime factors of c.
2, 11
Let k = 3989 - 2017. List the prime factors of k.
2, 17, 29
Let a(l) = -l**3 + 4. Let u(k) = -k - 10. Let g be u(-7). What are the prime factors of a(g)?
31
Suppose 26387 + 3127 = 6*h. List the prime factors of h.
4919
Let a(z) = 51*z**2 + 34*z + 145. What are the prime factors of a(-5)?
2, 5
Suppose 4*r + 4*x = 988, x + 737 = 3*r - 0*x. List the prime factors of r.
2, 3, 41
Let b = 58 - 63. Let q(k) = -k + 5. Let c be q(-8). Let t = c - b. What are the prime factors of t?
2, 3
Suppose -w + p + 12 = 0, -3*p + 8*p - 100 = -5*w. Let s = 18 - w. What are the prime factors of s?
2
Suppose 12*i - 612 = 8*i. List the prime factors of i.
3, 17
Let c = -1 + 5. Let h = 1 + -1. Suppose h*b - 22 = -5*g + c*b, -b = -4*g + 22. List the prime factors of g.
2, 3
Suppose 0 = -196*v + 216*v - 39860. List the prime factors of v.
1993
Suppose 4*z - 4*p + 6*p = 544, 2*p - 276 = -2*z. List the prime factors of z.
2, 67
Let r(s) = s**3 - 8*s**2 - 9*s + 9. List the prime factors of r(14).
3, 353
Let y = 1666 - 273. What are the prime factors of y?
7, 199
Suppose 25 = 6*w - w. Suppose -w*z + 81 = -169. Suppose z = 3*h - a, 0 = 2*a + 1 - 3. What are the prime factors of h?
17
Let u(m) = -m**2 + 12*m + 16. Let h be u(13). Let i(w) = w**3 + 7*w**2 - 14*w + 6. List the prime factors of i(h).
2, 3
Suppose 412 = f + 4*t - 5*t, 1647 = 4*f - 5*t. List the prime factors of f.
7, 59
Suppose 5*v + 35 = 3*y + 5, 42 = 3*y - v. Suppose -482 = -y*h + 1453. List the prime factors of h.
3, 43
Let q(n) = 3*n**2 - 7. Let b be q(5). Let u = b + -45. List the prime factors of u.
23
Let x(i) be the third derivative of i**5/60 + i**4/